greatest common divisor of n and 6?
6
Let y = 2564 + -2515. What is the highest common factor of y and 38?
1
Let a be (-1)/((-5)/(-28 - 2)). Let n(o) = 33*o - 1. Let p(c) = 1. Let b(m) = a*p(m) - n(m). Let d be b(-5). Calculate the highest common divisor of 40 and d.
40
Let u(b) = b + 14. Let h be u(-4). Let d(r) = -r**3 + 2 - 5 + 5 + h*r**2. Let g be d(10). Calculate the highest common divisor of 14 and g.
2
Suppose -s - 1 = 2, s + 3 = 2*i. Suppose -28*y = -i*y - 840. What is the greatest common divisor of 20 and y?
10
Let s(i) = 40*i - 69. Let n = -43 + 47. Let p be s(n). What is the greatest common divisor of p and 78?
13
Suppose 5*k + 30 = 15. Let b(p) = -5*p - 13. Let y be b(k). Calculate the greatest common factor of y and 14.
2
Let r(l) = 8*l**2 + 8*l**2 - 11*l**2 - 12 + 2*l - 58. Let v be r(-8). What is the highest common factor of 36 and v?
18
Let r be (-1)/(-11 + 18324/1668) + 1/2. What is the highest common factor of 224 and r?
14
Suppose -460 - 713 = -25*g - 273. Calculate the highest common divisor of 92 and g.
4
Suppose -3*q = 5*m - 18702, -5*m + 2*q + 10071 = -8661. Calculate the highest common divisor of m and 192.
96
Let g(u) = -u**2 - 39*u + 890. Let k be g(15). Calculate the greatest common divisor of k and 3920.
80
Let y(l) = 2*l**2 - 6*l + 4. Let k be y(5). Let n(j) = 2*j**3 - 3*j**2 - 7. Let u be n(5). Calculate the greatest common factor of k and u.
24
Let w be 95 + (4 - 3) + 8 + -9. Suppose 7*c - 2*c = 95. Let l be (0 - c/4)*-8. What is the highest common divisor of l and w?
19
Let q = 1644 + 464. Calculate the greatest common factor of 119 and q.
17
Let h be 6/(-4)*(-8)/6. Suppose 428 - 6960 = -46*i. What is the highest common divisor of h and i?
2
Suppose 1472*v = 1475*v - 72. What is the greatest common divisor of v and 6376?
8
Suppose 36*i - 8*i - 88275 = -5*i. Calculate the greatest common factor of 963 and i.
107
Let h = -334 + 404. What is the greatest common factor of h and 4410?
70
Let c(f) be the second derivative of -f**5/20 - 4*f**4/3 - 8*f**3/3 + 30*f**2 - 4*f - 3. Let n be c(-15). What is the greatest common factor of 25 and n?
25
Let h = -1321 + 3221. Calculate the highest common factor of h and 200.
100
Suppose 2*p + p - 915 = 4*a, 0 = 2*p - 5*a - 617. Calculate the greatest common factor of 129 and p.
43
Let x(l) = -5*l + 222. Let i(m) = 9*m - 442. Let d(v) = -4*i(v) - 7*x(v). Let j be d(37). What is the greatest common divisor of j and 59?
59
Let z(g) = -2*g**3 + 16*g**2 - 21*g + 150. Let a be z(7). Calculate the greatest common factor of a and 10201.
101
Suppose -6*t - 97720 = 4*t. Let i be 0 + 2/(-8) + t/(-112). Calculate the highest common factor of 58 and i.
29
Let t = 427 + 7. Suppose -84 = 2*k - t. Suppose q + 140 = 3*q. What is the highest common factor of q and k?
35
Let l = -125 + 125. Suppose l = y + 2*c - 131, -5*c - 755 = -5*y - 85. What is the greatest common divisor of 38 and y?
19
Let p = -5640 + 6270. What is the greatest common factor of 350 and p?
70
Let u = -68 + 70. Let w be (2 + -194)*(-1)/u. Suppose 55*d + w = 59*d. What is the highest common factor of 168 and d?
24
Let u be (-4)/(-6) + 264/9. Suppose 9*s - 3*f + 410 = 8*s, -3*s + 5*f = 1230. Let d = 420 + s. What is the greatest common factor of u and d?
10
Suppose -m - 5*h = -74, 0 = -3*m - 3*h + 5*h + 205. Let s(q) = 269*q - 25. Let w be s(2). Let d = 536 - w. What is the highest common divisor of d and m?
23
Let c = -237 - -939. Suppose -c*f - 210 = -707*f. Calculate the greatest common factor of 154 and f.
14
Suppose 40*q = 44*q - 1008. Suppose 10*s - 1008 = -288. What is the greatest common factor of q and s?
36
Suppose -2*l - v + 255 = 2*l, -3*v = -l + 54. Let j be (l/(-14) + 6)/(2/(-76)). Let y = 74 + j. What is the highest common factor of y and 136?
17
Let u be (18/3 - 4)*-134. Let a = u + 412. Suppose 0 = 5*n - 39 - 41. Calculate the highest common factor of a and n.
16
Suppose -2*b - 3*b + 1255 = 0. Let j = -155 + b. Let k = j - 56. Calculate the greatest common divisor of k and 60.
20
Let d = 401 - 376. Let w = -83 + 385. Suppose -6*b = -w + 2. What is the greatest common divisor of d and b?
25
Let v = 11782 - 10772. What is the greatest common factor of v and 90?
10
Let o = -7687 + 7753. Calculate the greatest common divisor of o and 696.
6
Let g(d) = d**3 + 5*d**2 + 5*d - 9. Let y be g(-3). Let f be (56/(-12) + y)*(-18)/8. Let w be (-1)/(-4) + 22/8. Calculate the greatest common factor of f and w.
3
Let g(v) = -v**2 - 2*v + 4. Let o be g(-2). Let r be 4292/13 - (54/13 - o). Let w be (-4)/14 + 636/21. What is the highest common divisor of w and r?
30
Suppose -3*j + 2*j - 9 = 0. Suppose o + 45 = 25. Let g = j - o. What is the highest common factor of g and 11?
11
Suppose -3*v = -t - 6*v + 145, -2*t + 3*v + 290 = 0. Suppose 0 = -s - 5*f + 7 - 12, s - 22 = 4*f. Calculate the highest common divisor of s and t.
5
Suppose -5*x + 2*x + p - 1193 = 0, 5*x - 5*p + 1975 = 0. Let h = x + 407. What is the greatest common factor of 112 and h?
8
Let y = 5908 - 5875. What is the highest common factor of 89463 and y?
33
Suppose -91 = -36*v - 62 + 43. What is the greatest common divisor of v and 463?
1
Let j be (-4)/(-22) - (-52)/(-286). Suppose -69*n + 73*n - 16 = j. What is the highest common factor of n and 5?
1
Let i be (-28)/112 + (-178)/(-8). Let c be 136/i - (-8)/(-44). What is the highest common divisor of 12 and c?
6
Suppose -2 = -r + 1. Suppose 0 = -56*g - 204 - 20. Let q be 12*(56/12 + r) + g. What is the greatest common divisor of q and 8?
8
Let y(m) = -m**3 + 28*m**2 - 30*m + 105. Let v be y(27). Calculate the highest common factor of v and 36.
12
Let m(r) = r - 1. Let j(l) = 15*l + 13. Let z(q) = 2*j(q) - 22*m(q). Let t be z(9). Calculate the greatest common divisor of t and 15.
15
Suppose 2*v - 927 = -3*y, 5*y = 3*v + 907 + 619. Let q = y + -281. What is the greatest common divisor of 26 and q?
26
Suppose -5*f - 195 = 211*v - 216*v, -f = -3. Let s = -19 + 33. What is the greatest common factor of v and s?
14
Suppose 436 = -86*d + 2414. What is the greatest common factor of d and 7061?
23
Let z = -43 + 45. Suppose -6*w + z*w + 56 = 0. Suppose 0 = y + w - 15. What is the highest common divisor of 2 and y?
1
Suppose 5*h + 5*z = 300, -h - 1108*z = -1111*z - 60. What is the highest common divisor of 740 and h?
20
Let k be (-6)/(-18) - (2 - 1102/6). What is the greatest common factor of k and 378?
14
Suppose 0*d - 3*d + 3 = 0, -d = -5*a + 44. Let w = -3 + 27. What is the highest common divisor of a and w?
3
Let t(w) = 7*w**2 - 16*w - 5. Let f = 35 - 37. Let p be t(f). What is the greatest common divisor of 22 and p?
11
Let x(n) = 31*n**2 - 75*n + 130. Let s be x(9). What is the highest common divisor of 2 and s?
2
Let z = 779 + -751. Suppose 3*u = -u + 16. What is the highest common factor of z and u?
4
Let s be (-2)/4 + 7/(-2) + 159. Let z be s/3 + 1 - 4/6. Suppose v - 2*o - 122 = 0, 2*v + 2*v = 3*o + 508. What is the greatest common factor of z and v?
26
Let d(v) = -61*v - 94. Let w be d(-3). Let c = 233 - w. Suppose -p + s = -9 - 26, 5*p - 181 = -s. What is the highest common factor of p and c?
36
Suppose 0 = -3*d, 2*a - 85 = 3*a - 4*d. Let m = -13365 + 13462. Let n = a + m. Calculate the highest common divisor of 84 and n.
12
Let g(u) = -29*u - 100. Let y = 151 - 158. Let z be g(y). Calculate the greatest common factor of z and 1.
1
Suppose 2*k - 18 = 4*p, 5*k + 10 = -p - 0. Let j be 8/(-3)*k*3/4. Suppose 3*h = -j*c + c + 12, 0 = h - 2. What is the highest common factor of c and 18?
6
Suppose 5*i + 4455 = -0*t + 17*t, 4*t - 1054 = 2*i. What is the greatest common divisor of t and 988?
52
Let f be ((-46)/(-8))/((-6)/(-96)). Let d(z) = 5*z**3 + 0*z**3 + 2*z + 9 - 7*z**2 - 4*z**3. Let p be d(7). What is the greatest common divisor of p and f?
23
Let u(l) = -4*l**3 - 39*l**2 + 8*l - 18. Let i be u(-10). Calculate the highest common divisor of 263 and i.
1
Let o = 553 + -550. Suppose 0 = -4*c - f - 1859, 4*f = 5*c + 3624 - 1274. Let b be c/(-14) - 10/35. Calculate the highest common factor of b and o.
3
Let a = 4361 - 3851. What is the greatest common factor of a and 187?
17
Let i = -31857 - -34357. Calculate the highest common factor of i and 1600.
100
Let x be (-198)/33 + -4 + 274. What is the greatest common divisor of